d c.
10
Let d(l) = 8*l**3 - l + 1. Let g be -1*(-1 + 0/1). Let o be d(g). What is the highest common factor of o and 88?
8
Let x be (0/(-2))/(5 + -4). Suppose 0*k + 3*k + 4*u = 41, x = -2*k - 3*u + 28. Calculate the highest common factor of 11 and k.
11
Let g = -1 + -3. Let i = g + 12. Calculate the greatest common factor of 72 and i.
8
Let j(t) = 4*t**2 + t + 1. Let z be j(-5). Suppose v = -0*v + 58. Suppose -5*u + 6 = l - v, -5*u - 5*l + 80 = 0. What is the highest common factor of z and u?
12
Let b(a) = a**2 - 1. Let x be b(-1). Let z = x - -3. Suppose -z*d = 3*i - 12, 2 = -2*i - 2. What is the greatest common factor of d and 66?
6
Let j(g) = -g**3 - 2*g**2 + 3*g - 10. Let x be j(-4). Calculate the highest common factor of 40 and x.
10
Let s be (-6)/(4/5 + -1). Suppose -p = 2*p - s. What is the greatest common divisor of 4 and p?
2
Let f be (320/12)/(18/27). Suppose -2*v = 2*v - 2*p - 26, 0 = 4*v - 5*p - 17. What is the highest common factor of f and v?
8
Suppose -3*h + 2 = -7. Suppose h*k = k - 84. Let c be 4/(-3)*k/4. What is the highest common divisor of 7 and c?
7
Suppose -5*g = -2*j - 7 - 4, -5*g - 2*j - 1 = 0. Suppose -2*y - g = -3*y. What is the highest common factor of 9 and y?
1
Let f(v) be the first derivative of -v**4/4 - 8*v**3/3 - 5*v**2/2 + 3*v + 1. Let a be f(-4). Let c = -28 - a. What is the greatest common divisor of c and 104?
13
Suppose 4*h + 5*w = -5 + 26, 3*w - 3 = 0. Suppose q + 5 = 2*n, 0*q = -n + 5*q + 25. Let s = h + n. Calculate the greatest common divisor of 2 and s.
2
Let f = -10 - -4. Let v(w) = w**2 + 2. Let j be v(f). Calculate the highest common factor of 57 and j.
19
Let s = 104 + -56. Let n be (-4)/6*18/(-12). Suppose -5*u + 8 = a + n, -a - u = -11. Calculate the highest common factor of a and s.
12
Let v = 29 - 15. Suppose -v = -2*z - 2. Suppose -c + z = -2. Calculate the highest common divisor of 4 and c.
4
Suppose 0 = -w, 2*w + 264 = 2*o + 54. What is the highest common divisor of o and 15?
15
Suppose 0 = -n + 47 + 53. Let d be 4/14 + 834/21. Calculate the highest common divisor of n and d.
20
Let t(q) = q**3 + 8*q**2 + 3*q - 10. Let v be t(-7). Calculate the highest common divisor of v and 54.
18
Suppose 3*f + 3*w = 444, 115 = f + 2*w - 37. What is the greatest common factor of f and 16?
16
Let f(h) = 2*h**2 - 3*h + 5. Let r be f(3). Calculate the greatest common divisor of r and 14.
14
Suppose -j + 160 = -3*j. Let z(o) = o**3 - o**2 - 2*o. Let v be z(-3). Let c = v - j. What is the greatest common divisor of 20 and c?
10
Suppose 2*m + 2 = 0, 0*u - 3*u = 5*m - 85. Calculate the highest common factor of 90 and u.
30
Let a = 3 - -2. Suppose 2*j - 25 - 15 = -a*o, -2*j + 52 = 2*o. What is the greatest common factor of j and 10?
10
Let d be (-104)/(4 - (8 + -3)). Calculate the highest common factor of d and 26.
26
Suppose 0 = 3*m + 12, 0*z + 2*z - 90 = -m. Suppose -5*l - 4*o = 2 - z, -5 = -5*l + 4*o. What is the highest common divisor of l and 20?
5
Suppose 3*u + u - 1440 = 0. Calculate the greatest common factor of u and 36.
36
Let w be (10/4)/((-4)/(-8)). Let u(h) = -h**2 - 5*h - 1. Let n be u(-3). What is the greatest common divisor of w and n?
5
Let x(h) = -2*h - 8. Let a be x(6). Let g be (-152)/a + (-4)/(-10). What is the highest common factor of g and 24?
8
Suppose 3*g + 25 = 8*g + 5*y, -3*g + 39 = -5*y. What is the highest common factor of g and 8?
8
Suppose 4*x = w + 1348, 3*x + 156 - 1160 = -w. Calculate the highest common factor of 48 and x.
48
Suppose -8 + 224 = 2*c. Let p = 0 + 3. Suppose -4*r = -p*x - 51, 2*r = -3*x - 2*x + 19. What is the highest common divisor of r and c?
12
Let m(h) = -h**2 + 23*h + 36. Let z be m(19). Calculate the highest common factor of 16 and z.
16
Let m = -2 - -9. Let u = m - 4. Suppose -u*l = -7*l + 64. Calculate the greatest common factor of l and 160.
16
Let k be (-10)/(-35) - 3020/(-14). Calculate the highest common divisor of k and 24.
24
Let w = 67 - 66. What is the highest common factor of 8 and w?
1
Let w(l) be the third derivative of l**6/120 + l**5/12 - l**4/12 - l**3/3 + l**2. Let u be w(-5). Calculate the greatest common factor of 8 and u.
8
Let g = -8 - -28. Suppose b + 0*b = 4. Let l = b - -4. What is the highest common divisor of g and l?
4
Let w(i) = 3*i + 1. Let y be w(-1). Let d be ((-6)/15)/(y/(-40)). Let f be 1/(-4) + (-266)/d. Calculate the highest common divisor of f and 3.
3
Suppose 0 = 2*y + y - 18. Calculate the greatest common factor of y and 54.
6
Let c(g) = 62*g**3 + g**2 - 2*g + 1. Let m be c(1). Let x = m + -37. What is the highest common divisor of 5 and x?
5
Let t be (-6)/(0 + 1 - 3). Suppose 2*m = t*m - 16. Calculate the greatest common factor of m and 2.
2
Let t be (-3 - -49)/((-4)/(-6)). Let q = t - -11. What is the greatest common divisor of 10 and q?
10
Let z be 2/5 - 58/(-5). Let i = -6 + 18. Calculate the highest common factor of i and z.
12
Suppose -18 = -5*s - 2*t, -s + 2 = t - 4. What is the greatest common factor of 6 and s?
2
Suppose 3 = -o + 16. Suppose 5*c + 0*m = -m + 33, c - 3*m = o. Calculate the greatest common divisor of c and 1.
1
Let j = 62 - 61. Calculate the highest common divisor of j and 4.
1
Let p be ((-33)/55)/((-2)/10). Calculate the greatest common factor of 27 and p.
3
Let j be (-1)/(-2) + 12/(-8). Let k = j - -3. What is the highest common divisor of 10 and k?
2
Suppose 8*o - 20 = 7*o. Calculate the greatest common divisor of 60 and o.
20
Let p(y) = -11*y + 9. Let w be p(-6). What is the highest common divisor of 30 and w?
15
Let t = 10 - 10. Suppose 0 = 4*p - 5*g - 9, 5*g - 3 + t = 2*p. What is the greatest common divisor of p and 4?
2
Let x be 56 - 0*5/15. What is the highest common factor of 14 and x?
14
Suppose -3*d = 2*d - 150. Let y be (-1)/(-6) - (-1195)/d. What is the highest common factor of 16 and y?
8
Let n be 81/6 + 2/4. Let x(z) = -38*z - 7. Let s be x(-5). Suppose -5*f + 733 - s = -2*o, -25 = -5*o. Calculate the highest common divisor of n and f.
14
Let f(r) = 2*r - 6. Let d be f(5). Suppose 0 = b + d*b - 70. Calculate the highest common divisor of b and 154.
14
Suppose -3*u = -h - 184 - 584, -5*h + 240 = u. Calculate the highest common factor of 15 and u.
15
Suppose -k + 20 = 4*k. Suppose -3*o + 25 = 4*z - 0*o, -60 = -4*z + 4*o. What is the highest common divisor of k and z?
2
Let v = 193 + -68. What is the highest common divisor of 50 and v?
25
Let j be (-2013)/(-15) - 0 - (-2)/(-10). Suppose -186 = -2*m - m. Let f = j - m. What is the greatest common factor of 8 and f?
8
Let l = -21 - -66. What is the greatest common factor of 18 and l?
9
Let u(f) = 11*f**2 + 2*f - 10. Let b be u(-5). What is the highest common factor of 15 and b?
15
Suppose 4*o - 52 = -s, 37 = 4*s + 2*o - 115. Calculate the greatest common factor of 9 and s.
9
Let f be 17/(3 + (-4)/2). Let u(n) = -6*n**3 + 4*n**2 + 5*n + 4. Let l be u(-3). What is the highest common divisor of f and l?
17
Suppose 58 + 44 = 2*s. Suppose 0 = c - 46 + 12. What is the greatest common divisor of c and s?
17
Suppose 0 = 4*m + m + y - 205, -3*y = 4*m - 175. Suppose 7*o - 2*o - m = 0. Calculate the highest common factor of o and 12.
4
Suppose -2*i + 18 = i. Let o = -4 + i. Let l be 4/(-8) + (-33)/(-6). Calculate the highest common divisor of o and l.
1
Suppose -3*i - 18 = -3*a - 2*i, 3*a - 18 = 4*i. Let x = 186 + 179. Suppose 5*h - x = -125. What is the highest common divisor of a and h?
6
Suppose 5*i - 2*o = 2*o - 50, 3*o = 3*i + 33. Let g be ((-10)/(-6) - 3)*i. What is the highest common divisor of g and 4?
4
Let c = 48 + -12. What is the greatest common factor of c and 12?
12
Suppose 3*x = -b + x + 6, 0 = 5*x - 5. Let f = b - -20. Let a = 80 - 64. Calculate the greatest common factor of f and a.
8
Let o = 23 + -19. Suppose -3*y + 2*y = -o. Calculate the greatest common divisor of 1 and y.
1
Suppose -5*k + r + 85 = -0*k, 4*r = -4*k + 44. Calculate the greatest common factor of k and 16.
16
Suppose 11 = 4*z + 3. What is the greatest common divisor of 3 and z?
1
Let m(a) = a**2 - 3*a. Let p be m(3). Suppose 2*w - 4*l - 50 = p, 3*w - w - 45 = 3*l. Suppose 10*c - 375 = 5*c. What is the greatest common factor of w and c?
15
Suppose -5*z - 18 = 4*l + 432, -2*z = 5*l + 554. Let v = 190 + l. Let y = 56 + -24. What is the greatest common divisor of 